git of 82285?
2
What is the hundreds digit of 20295?
2
What is the tens digit of 40712?
1
What is the thousands digit of 1069?
1
What is the tens digit of 93?
9
What is the units digit of 49224?
4
What is the tens digit of 3525?
2
What is the ten thousands digit of 23131?
2
What is the units digit of 1921?
1
What is the thousands digit of 2685?
2
What is the tens digit of 58117?
1
What is the hundreds digit of 26973?
9
What is the tens digit of 65321?
2
What is the tens digit of 2016?
1
What is the hundreds digit of 35379?
3
What is the thousands digit of 4885?
4
What is the hundreds digit of 1361?
3
What is the thousands digit of 12970?
2
What is the tens digit of 30347?
4
What is the hundreds digit of 14146?
1
What is the ten thousands digit of 78728?
7
What is the hundreds digit of 17934?
9
What is the hundreds digit of 1904?
9
What is the tens digit of 22934?
3
What is the tens digit of 149?
4
What is the hundreds digit of 17452?
4
What is the thousands digit of 3131?
3
What is the hundreds digit of 816?
8
What is the tens digit of 8724?
2
What is the units digit of 40138?
8
What is the tens digit of 15432?
3
What is the ten thousands digit of 69465?
6
What is the ten thousands digit of 13809?
1
What is the units digit of 49112?
2
What is the units digit of 6700?
0
What is the units digit of 1279?
9
What is the thousands digit of 11887?
1
What is the thousands digit of 6880?
6
What is the units digit of 41682?
2
What is the thousands digit of 138911?
8
What is the units digit of 493?
3
What is the hundreds digit of 12078?
0
What is the units digit of 3285?
5
What is the thousands digit of 6020?
6
What is the units digit of 20610?
0
What is the thousands digit of 91061?
1
What is the units digit of 506?
6
What is the hundreds digit of 2129?
1
What is the tens digit of 49697?
9
What is the tens digit of 203734?
3
What is the units digit of 3988?
8
What is the tens digit of 12543?
4
What is the tens digit of 25482?
8
What is the tens digit of 1806?
0
What is the units digit of 4768?
8
What is the ten thousands digit of 100108?
0
What is the ten thousands digit of 10831?
1
What is the thousands digit of 104189?
4
What is the ten thousands digit of 33692?
3
What is the hundreds digit of 280?
2
What is the thousands digit of 15328?
5
What is the thousands digit of 1575?
1
What is the hundreds digit of 2207?
2
What is the units digit of 1371?
1
What is the hundreds digit of 936?
9
What is the hundreds digit of 20237?
2
What is the ten thousands digit of 25626?
2
What is the hundreds digit of 5577?
5
What is the units digit of 548?
8
What is the units digit of 49?
9
What is the tens digit of 1813?
1
What is the tens digit of 2134?
3
What is the thousands digit of 9571?
9
What is the hundreds digit of 4835?
8
What is the tens digit of 25068?
6
What is the tens digit of 5226?
2
What is the thousands digit of 1168?
1
What is the hundreds digit of 14315?
3
What is the tens digit of 731?
3
What is the hundreds digit of 2845?
8
What is the tens digit of 73678?
7
What is the ten thousands digit of 97173?
9
What is the thousands digit of 4767?
4
What is the tens digit of 518?
1
What is the units digit of 88470?
0
What is the tens digit of 42477?
7
What is the thousands digit of 13336?
3
What is the tens digit of 12992?
9
What is the thousands digit of 12101?
2
What is the thousands digit of 85243?
5
What is the thousands digit of 31790?
1
What is the hundreds digit of 20883?
8
What is the tens digit of 1388?
8
What is the units digit of 4484?
4
What is the thousands digit of 1311?
1
What is the units digit of 1263?
3
What is the tens digit of 15636?
3
What is the hundreds digit of 1029?
0
What is the thousands digit of 4858?
4
What is the thousands digit of 2279?
2
What is the hundreds digit of 15603?
6
What is the tens digit of 1711?
1
What is the hundreds digit of 5027?
0
What is the tens digit of 129557?
5
What is the thousands digit of 1541?
1
What is the tens digit of 1582?
8
What is the hundreds digit of 7999?
9
What is the thousands digit of 1775?
1
What is the ten thousands digit of 16088?
1
What is the thousands digit of 5256?
5
What is the thousands digit of 1452?
1
What is the units digit of 485?
5
What is the hundreds digit of 8935?
9
What is the ten thousands digit of 123371?
2
What is the tens digit of 12451?
5
What is the tens digit of 3021?
2
What is the ten thousands digit of 15534?
1
What is the hundreds digit of 4231?
2
What is the hundreds digit of 755?
7
What is the tens digit of 3476?
7
What is the hundreds digit of 105?
1
What is the tens digit of 1534?
3
What is the hundreds digit of 163?
1
What is the units digit of 130794?
4
What is the thousands digit of 2739?
2
What is the hundreds digit of 345?
3
What is the units digit of 113?
3
What is the thousands digit of 9869?
9
What is the tens digit of 121004?
0
What is the tens digit of 2411?
1
What is the thousands digit of 3937?
3
What is the tens digit of 49855?
5
What is the thousands digit of 29221?
9
What is the hundreds digit of 9244?
2
What is the hundreds digit of 1533?
5
What is the hundreds digit of 11162?
1
What is the hundreds digit of 45846?
8
What is the units digit of 5278?
8
What is the hundreds digit of 486?
4
What is the hundreds digit of 23557?
5
What is the tens digit of 1834?
3
What is the tens digit of 32859?
5
What is the units digit of 35?
5
What is the thousands digit of 1180?
1
What is the units digit of 2745?
5
What is the thousands digit of 1837?
1
What is the hundreds digit of 2826?
8
What is the units digit of 7327?
7
What is the units digit of 930?
0
What is the hundreds digit of 1233?
2
What is the tens digit of 1159?
5
What is the units digit of 156?
6
What is the tens digit of 10021?
2
What is the thousands digit of 1232?
1
What is the hundreds digit of 25089?
0
What is the thousands digit of 8517?
8
What is the hundreds digit of 3286?
2
What is the thousands digit of 5938?
5
What is the units digit of 388?
8
What is the tens digit of 1191?
9
What is the thousands digit of 20990?
0
What is the units digit of 688?
8
What is the tens digit of 94?
9
What is the units digit of 19305?
5
What is the thousands digit of 5906?
5
What is the ten thousands digit of 39422?
3
What is the thousands digit of 190461?
0
What is the tens digit of 43987?
8
What is the units digit of 17742?
2
What is the units digit of 12316?
6
What is the thousands digit of 7652?
7
What is the units digit of 64?
4
What is the thousands digit of 3295?
3
What is the thousands digit of 19691?
9
What is the units digit of 657?
7
What is the thousands digit of 34421?
4
What is the hundreds digit of 34967?
9
What is the tens digit of 576?
7
What is the ten thousands digit of 24782?
2
What is the tens digit of 687?
8
What is the tens digit of 27124?
2
What is the tens digit of 51644?
4
What is the hundreds digit of 32083?
0
What is the thousands digit of 1083?
1
What is the thousands digit of 2670?
2
What is the hundreds digit of 84029?
0
What is the hundreds digit of 654?
6
What is the thousands digit of 23425?
3
What is the tens digit of 9696?
9
What is the tens digit of 23256?
5
What is the tens digit of 58319?
1
What is the hundreds digit of 1340?
3
What is the units digit of 852?
2
What is the tens digit of 4825?
2
What is the hundreds digit of 448?
4
What is the tens digit of 656?
5
What is the hundreds digit of 987?
9
What is the hundreds digit of 10244?
2
What is the units digit of 2246?
6
What is the units digit of 6528?
8
What is the thousands digit of 8741?
8
What is the units digit of 3371?
1
What is the tens digit of 32860?
6
What is the units digit of 88606?
6
What is the units digit of 80109?
9
What is the hundreds digit of 35457?
4
What is the tens digit of 1604?
0
What is the units digit of 30604?
4
What is the thousands digit of 2434?
2
What is the hundreds digit of 1481?
4
What is the thousands digit of 9805?
9
What is the hundreds digit of 6070?
0
What is the thousands digit of 2992?
2
What is the units digit of 1046?
6
What is the tens digit of 6062?
6
What is the hundreds digit of 876?
8
What is the hundreds digit of 37927?
9
What is the units digit of 197?
7
What is the hundreds digit of 856?
8
What is the units digit of 2521?
1
What is the units digit of 377?
7
Wh